rs of z?
2, 67
Let t(u) = -u**3 - 2*u**2 + 3*u + 3. Suppose 3*f - 2*a = -a - 10, f + 2 = -a. Let l be t(f). Suppose l*n - 9 - 6 = 0. List the prime factors of n.
5
Let c(y) = y**3 + 6*y**2 - 2*y - 8. List the prime factors of c(-6).
2
Let a = -27 + 29. Let d be (-4)/(-1) + (-1 - -1). Suppose -2*x - 22 = -a*k, 7*x + 47 = d*k + 2*x. List the prime factors of k.
2
Suppose 6 = 2*m - 3*d - 9, 21 = 4*m - 3*d. Suppose -12 - 11 = -j - 5*a, m*j = 3*a - 3. Let i = j + 3. What are the prime factors of i?
2, 3
Suppose 5*r = 4*c - 8 - 1, -6 = r - 5*c. Let q = 4 - r. List the prime factors of q.
5
Suppose 3*t = 4 - 1. Suppose -t = -4*q + 11. List the prime factors of q.
3
Suppose -2*s - 72 = -6*s. Suppose 2*f = 3*q - 0*q + 20, 2*f = 2*q + 14. Let v = s + q. List the prime factors of v.
2, 3
Let v = 9 + -8. Let a be 26 - (v - 2)*1. Suppose p + i = 3*p - a, -3*i + 51 = 5*p. What are the prime factors of p?
2, 3
Let h = -21 - -5. Let o = 26 + h. List the prime factors of o.
2, 5
Let n = 150 + -34. List the prime factors of n.
2, 29
Suppose 3*n - 2*n = 2*x + 11, -n + 8 = x. What are the prime factors of n?
3
Suppose -4 = -2*m + 5*q, -5*m + q - 5*q + 10 = 0. Suppose -m*i + 2*y - 60 = -4*i, 3*i - 82 = y. What are the prime factors of i?
2, 7
Let d(l) = -2*l. Let v = -6 - 2. List the prime factors of d(v).
2
Let u = -5 + 14. Let n = -3 + u. List the prime factors of n.
2, 3
Suppose 5*l + 0*l = 65. Let y = 10 + -6. Suppose -2*a = n - l, -y*a = 3*n + 2*n - 41. What are the prime factors of a?
2
Let o = -226 - -331. Let w = o + -56. List the prime factors of w.
7
Suppose -l = 3*l + 48. Let t = 15 - -9. Let z = l + t. What are the prime factors of z?
2, 3
Let w be -1*(-3)/(-9)*-15. Suppose -2*c = w*m - 34, -m - 2*m = c - 20. Let p = m + 0. What are the prime factors of p?
2, 3
Let l be 16/(-6)*(-2 + -10). Suppose 3*s = -s + l. Suppose -c = n - 9 - s, -3*c = -n - 43. What are the prime factors of c?
3, 5
Let j(t) be the second derivative of t**3/6 - 3*t**2/2 - t. Suppose -9 - 1 = -2*s. What are the prime factors of j(s)?
2
Suppose 0 = k + 6*g - 2*g - 130, -k = -3*g - 109. List the prime factors of k.
2, 59
Suppose -2*m + q = -3*m + 33, m + 2*q = 29. List the prime factors of m.
37
Suppose -2 = -h, t - 6 - 14 = h. List the prime factors of t.
2, 11
Let f = -82 + 150. What are the prime factors of f?
2, 17
Suppose -3*s = -5*s. Suppose s = 4*o + 12, 0 = -r - 3*o - 9. Suppose r = 4*n - 5 - 3. What are the prime factors of n?
2
Suppose 2*t = t + 3*m, -4*m + 2 = -t. Suppose -g + 33 = -a, 4*a - t*a = -g + 34. List the prime factors of g.
2
Suppose 0 = -i + 9 + 15. Suppose -3*r - i = -6*r. List the prime factors of r.
2
Suppose -34 - 45 = -4*q - c, 5*c = -4*q + 91. Suppose -5*a + k = -q, -22 = -a + 5*k + 1. What are the prime factors of a?
3
Let i be 6/(-24) - (-182)/(-8). Let p = i - -46. List the prime factors of p.
23
Let v = -5 + -6. Let f = v - -24. List the prime factors of f.
13
Let v = -2 + 4. Suppose 16 = v*l - 2*h, h - 2*h - 11 = -2*l. Suppose l*i - 24 - 12 = 0. What are the prime factors of i?
2, 3
Let p = 4 - -13. Let l = p - 4. Suppose l = 4*y + n - 7, 2*n = -5*y + 22. List the prime factors of y.
2, 3
Let f be ((-52)/(-8))/((-2)/(-4)). Suppose 5*g + 0*g - 14 = t, -2*t + 5*g - f = 0. Suppose 0 = x + z - t, 0 = x - 3*z - 12 - 5. What are the prime factors of x?
5
Let a(r) = -1. Let q(c) = 2*c + 10. Let g(y) = -8*a(y) - q(y). What are the prime factors of g(-2)?
2
List the prime factors of 31*(0 + 1 + 2 - 0).
3, 31
Let p be ((-13)/(-4))/((-5)/(-20)). Let n = 23 - p. List the prime factors of n.
2, 5
Let d = 3 - 2. Suppose -3*x + 4*w + 0 + d = 0, 5*w + 2 = 4*x. Suppose 6 = r + 5*o, -4*o + x*o = 3*r - 18. List the prime factors of r.
2, 3
Suppose 0 = -2*b + 4, 0 = -5*y - b + 3*b + 41. Let u = y + -15. What are the prime factors of (-5 + 3)*u/4?
3
Let x(v) = 3*v**2 - 2*v - 2*v**2 + 6*v + 0*v**2 + 2. What are the prime factors of x(-5)?
7
Let o = 20 - -24. List the prime factors of o.
2, 11
What are the prime factors of (-33250)/(-300) + 1/(-12)*-2?
3, 37
Let c be (-1 - -4)/(3 - 2). Let v(t) = 3*t**2. Let o be v(c). Suppose 4*h - o = 5. List the prime factors of h.
2
Let n = -74 + 146. List the prime factors of n.
2, 3
Let l(x) = x**3 + 8*x**2 - 2*x + 6. Let o be (1 - 8) + 3 + -4. Let g be l(o). Suppose -5*u + 3*v = -26, -4*u - 5*v + g = -21. List the prime factors of u.
7
Let b = -2 + -1. Let s(a) = -a - 2. Let h be s(b). Let l = 5 - h. What are the prime factors of l?
2
Suppose -4*m + 240 = -128. What are the prime factors of m?
2, 23
Let m = 22 - 3. What are the prime factors of m?
19
Let g(w) = -5*w**3 - 6*w - 2. List the prime factors of g(-3).
151
List the prime factors of (3 - 6 - -2)*-45.
3, 5
Let c = -29 - -60. What are the prime factors of c?
31
Let v = 3 - -14. Let d = v + -11. What are the prime factors of 13/2 + (-9)/d?
5
Let o be 1038/30 - 4/(-10). Let c = o + -21. List the prime factors of c.
2, 7
Suppose 5*d - y - 205 = 0, 3*d = -5*y - 39 + 190. List the prime factors of d.
2, 3, 7
Let i = 4 + -4. Suppose -27 + i = -3*m. List the prime factors of m.
3
Let w be -2 - -2*(0 - -1). Let j(x) = -2*x + 2. Let h be j(-2). Suppose w = -i + h - 2. What are the prime factors of i?
2
Let k(x) = -x**3 - 2 + 5 - 3 + 7. Let q be 0/(-1) + 0/2. List the prime factors of k(q).
7
Let a(q) = -q**3 - q + 116. List the prime factors of a(0).
2, 29
Let m be 17/2 - (-2)/(-4). Suppose 0 = -2*o - 4*q + m, -q = 2*o - 2*q - 8. What are the prime factors of 6/o - (-42)/4?
2, 3
Suppose 4*n + 29 = 5. Let w be ((-2)/(n/9))/1. Suppose -3 = w*t, 2*v - 27 = -0*t - 3*t. What are the prime factors of v?
3, 5
Let m = -22 - -14. What are the prime factors of ((-18)/m)/((-21)/(-112))?
2, 3
Let p(k) = 3*k**2 - 3*k - 4. Let o be p(3). Let s be (-850)/(-35) - 4/o. Suppose -4*v + s = 4*h, 5 = 3*h - 2*v - 8. List the prime factors of h.
5
Let g be 4/10 + (-2)/5. Suppose 4*b + b = n + 67, g = -3*n - 6. List the prime factors of b.
13
Let u(s) = -13*s - 2. What are the prime factors of u(-6)?
2, 19
Suppose 2*j - 3 - 1 = 0. Suppose 4 = 2*o, 7*a - 79 = j*a + 3*o. Suppose -a = 2*c - 41. What are the prime factors of c?
2, 3
Let v(l) = -l**3 - 3*l**2 - 2*l + 2. What are the prime factors of v(-5)?
2, 31
Suppose 0*r + 351 = 3*r. Suppose 23 = 5*v - r. Suppose -6*k + 35 = -k + 3*a, -v = -4*k + 3*a. List the prime factors of k.
7
Let v(z) = z**2 - z - 1. List the prime factors of v(3).
5
Let t(z) = 10*z**2 - 9*z - 6. List the prime factors of t(-4).
2, 5, 19
Suppose 2*u - 3*g - 148 = 79, 230 = 2*u - 2*g. What are the prime factors of u?
2, 59
Let c = 21 - -11. List the prime factors of c.
2
Suppose o - 2*o + 4*z = 14, -2*z + 2 = -3*o. Suppose 2*d - 5 = -1. Suppose -68 = -o*p - d*p. What are the prime factors of p?
17
List the prime factors of (256/(-3))/(6/(-18)).
2
Let t(f) = -f**2 + 5*f - 3. Let l be t(6). Let n be ((-3)/(-2))/(l/(-168)). Let m = n - 15. What are the prime factors of m?
13
Let r = 35 + 35. Let z = r + -41. List the prime factors of z.
29
List the prime factors of ((-2076)/16)/(3/(-4)).
173
Let o = 202 - 117. List the prime factors of o.
5, 17
Let n(x) = 5*x**2 - 4*x + 3. List the prime factors of n(4).
67
What are the prime factors of -1*2*31/(-2)?
31
Suppose -4*n + 25 = n. Let d(r) = r**3 - 3*r**2 - 4*r + 7. What are the prime factors of d(n)?
37
Let d(g) = 14*g - 10. What are the prime factors of d(4)?
2, 23
Suppose 0 = -2*u - 3*h + 16, 2*h - 6*h = 3*u - 23. Suppose u*b - 2 = 3*o + 2, -o + 4*b = -1. What are the prime factors of o/1*(-6)/2?
3
Suppose -4*o - 19 - 29 = 0. Let s be o/9*(-3)/2. Suppose -s*r + r = -7. What are the prime factors of r?
7
Let u(n) = 3*n - 15. Let h be u(12). Let d = h - 11. List the prime factors of d.
2, 5
Let z(c) = c**3 - 2*c**2 - 3*c + 3. What are the prime factors of z(3)?
3
Let y(c) = -21*c + 4. Let j be y(3). Let l = 83 + j. List the prime factors of l.
2, 3
Suppose 1463 - 423 = 8*p. List the prime factors of p.
2, 5, 13
What are the prime factors of (-214 - -1)*(3/(-1) - -2)?
3, 71
Let t(j) = -3*j. Let h be t(-6). Let m = -13 + h. Suppose 0 = i - 3*c + 10, -22 - 28 = -5*i - m*c. List the prime factors of i.
5
Suppose -4*s - 107 = -5*s. What are the prime factors of s?
107
Let s = 7 - 15. Let g(u) = -u**3 - 9*u**2 - 9*u - 6. Let l be g(s). Suppose 0 